mon divisor of 88 and 286.
22
What is the greatest common divisor of 14 and 3514?
14
What is the highest common factor of 4675 and 825?
275
Calculate the highest common factor of 21 and 12.
3
Calculate the highest common divisor of 189 and 225.
9
What is the highest common divisor of 875 and 7?
7
What is the greatest common factor of 60 and 852?
12
Calculate the greatest common factor of 8639 and 318.
53
Calculate the highest common divisor of 291 and 97.
97
What is the highest common factor of 591 and 12?
3
Calculate the greatest common factor of 32 and 272.
16
Calculate the highest common divisor of 53834 and 22.
22
Calculate the highest common factor of 24640 and 42.
14
Calculate the highest common factor of 1960 and 56.
56
What is the highest common divisor of 244 and 4?
4
What is the greatest common factor of 297 and 108?
27
Calculate the highest common factor of 324 and 2430.
162
Calculate the highest common divisor of 52 and 104.
52
Calculate the greatest common factor of 124 and 31.
31
Calculate the highest common factor of 2 and 218.
2
Calculate the greatest common divisor of 36 and 92.
4
What is the greatest common factor of 157 and 33598?
157
Calculate the highest common factor of 4809 and 21.
21
What is the greatest common factor of 64 and 4168?
8
What is the highest common factor of 1425 and 76?
19
What is the highest common divisor of 1688 and 104?
8
What is the greatest common factor of 7644 and 78?
78
What is the greatest common factor of 81 and 6?
3
What is the highest common factor of 576 and 64?
64
What is the highest common factor of 408 and 240?
24
What is the greatest common divisor of 121 and 44?
11
Calculate the greatest common factor of 1127 and 2107.
49
Calculate the greatest common divisor of 196 and 1421.
49
Calculate the highest common divisor of 78 and 52.
26
What is the highest common factor of 21 and 7287?
21
Calculate the greatest common factor of 158 and 869.
79
Calculate the greatest common divisor of 66 and 88.
22
What is the highest common divisor of 76 and 247?
19
Calculate the highest common factor of 118 and 2714.
118
What is the greatest common divisor of 2938 and 339?
113
What is the highest common divisor of 330 and 90?
30
Calculate the greatest common divisor of 5372 and 68.
68
Calculate the highest common factor of 676 and 36.
4
Calculate the highest common divisor of 25 and 975.
25
What is the highest common factor of 697 and 102?
17
What is the highest common divisor of 216 and 27?
27
What is the highest common factor of 11580 and 60?
60
Calculate the greatest common divisor of 76 and 171.
19
What is the greatest common divisor of 28 and 434?
14
What is the highest common factor of 1936 and 121?
121
Calculate the greatest common factor of 518 and 14.
14
What is the greatest common factor of 3858 and 24?
6
Calculate the greatest common divisor of 176 and 32.
16
What is the greatest common divisor of 11494 and 14?
14
What is the highest common divisor of 28 and 1372?
28
Calculate the greatest common factor of 940 and 20.
20
What is the highest common factor of 2704 and 88?
8
What is the highest common factor of 352 and 48?
16
Calculate the highest common factor of 42 and 1050.
42
Calculate the greatest common factor of 1360 and 1496.
136
What is the greatest common factor of 2145 and 390?
195
What is the greatest common factor of 66 and 44?
22
Calculate the highest common divisor of 13 and 14339.
13
Calculate the greatest common divisor of 75 and 175.
25
Calculate the greatest common divisor of 110 and 495.
55
Calculate the greatest common factor of 222 and 296.
74
Calculate the highest common divisor of 4 and 424.
4
What is the greatest common divisor of 63 and 3231?
9
Calculate the highest common factor of 385 and 7.
7
Calculate the highest common factor of 5358 and 228.
114
What is the greatest common factor of 6266 and 26?
26
Calculate the highest common divisor of 975 and 15.
15
What is the highest common factor of 224 and 128?
32
What is the highest common divisor of 91 and 7?
7
Calculate the greatest common divisor of 14 and 98.
14
What is the highest common divisor of 306 and 170?
34
What is the highest common factor of 234 and 9230?
26
What is the greatest common divisor of 232 and 29?
29
What is the greatest common divisor of 172 and 516?
172
What is the highest common factor of 42 and 266?
14
Calculate the highest common factor of 44 and 20.
4
Calculate the greatest common factor of 2893 and 11.
11
What is the greatest common divisor of 788 and 5319?
197
Calculate the greatest common factor of 147 and 8869.
49
What is the highest common factor of 936 and 48?
24
What is the highest common factor of 60034 and 78?
26
Calculate the highest common factor of 405 and 120.
15
Calculate the highest common divisor of 174 and 6.
6
What is the greatest common divisor of 492 and 1804?
164
Calculate the highest common divisor of 2910 and 240.
30
Calculate the greatest common factor of 140 and 70.
70
What is the greatest common divisor of 249 and 2573?
83
What is the greatest common divisor of 105 and 70?
35
Calculate the highest common factor of 60 and 195.
15
Calculate the greatest common divisor of 1090 and 530.
10
What is the greatest common divisor of 40 and 248?
8
What is the highest common divisor of 192 and 36?
12
Calculate the highest common divisor of 30 and 200.
10
Calculate the greatest common divisor of 436 and 1417.
109
Calculate the greatest common factor of 124 and 837.
31
Calculate the greatest common divisor of 266 and 38.
38
What is the greatest common factor of 1 and 352?
1
What is the greatest common factor of 55 and 44?
11
Calculate the highest common divisor of 18 and 4086.
18
What is the greatest common factor of 4748 and 4?
4
Calculate the greatest common factor of 147 and 231.
21
What is the highest common factor of 40 and 310?
10
What is the highest common factor of 3619 and 47?
47
What is the highest common factor of 130 and 640?
10
What is the greatest common divisor of 60 and 228?
12
What is the greatest common factor of 5 and 2605?
5
Calculate the highest common factor of 111 and 259.
37
Calculate the greatest common divisor of 6 and 582.
6
What is the greatest common divisor of 210 and 1218?
42
What is the highest common factor of 3072 and 480?
96
Calculate the greatest common factor of 303 and 5050.
101
What is the greatest common divisor of 33 and 67?
1
Calculate the greatest common divisor of 5 and 605.
5
Calculate the greatest common factor of 101 and 2929.
101
What is the greatest common divisor of 9191 and 26?
13
What is the greatest common divisor of 154 and 22?
22
What is the highest common factor of 935 and 495?
55
What is the greatest common divisor of 4 and 116?
4
What is the greatest common divisor of 3718 and 2197?
169
What is the greatest common divisor of 8475 and 4407?
339
What is the highest common divisor of 4676 and 182?
14
What is the highest common factor of 57 and 2451?
57
Calculate the highest common divisor of 15 and 735.
15
What is the highest common divisor of 260 and 200?
20
What is the highest common factor of 299 and 13?
13
What is the greatest common divisor of 350 and 14?
14
What is the highest common factor of 49 and 1029?
49
What is the highest common factor of 518 and 28?
14
Calculate the greatest common divisor of 3672 and 96.
24
What is the greatest common divisor of 3 and 17?
1
Calculate the highest common factor of 2134 and 22.
22
What is the highest common factor of 85 and 1003?
17
Calculate the greatest common factor of 7524 and 304.
76
What is the highest common divisor of 206 and 48?
2
What is the greatest common divisor of 1014 and 52?
26
Calculate the highest common factor of 110 and 50.
10
Calculate the greatest common factor of 47 and 188.
47
What is the greatest common divisor of 2754 and 612?
306
What is the highest common factor of 651 and 84?
21
What is the highest common factor of 26496 and 207?
207
What is the greatest common factor of 7869 and 122?
61
What is the greatest common divisor of 31 and 1?
1
Calculate the greatest common divisor of 13 and 6383.
13
Calculate the highest common divisor of 2464 and 6336.
352
Calculate the highest common factor of 10925 and 760.
95
What is the greatest common factor of 26 and